101001021 + 10?
101001101
In base 14, what is 1 + bb3?
bb4
In base 7, what is -45 - -1533?
1455
In base 3, what is 2 + -1202002?
-1202000
In base 9, what is 34572 - -5?
34577
In base 9, what is 182 + 5?
187
In base 14, what is 1b - -cc?
109
In base 8, what is -7 + 22?
13
In base 13, what is -5 + -5b3?
-5b8
In base 14, what is -97 + 28?
-6d
In base 13, what is 2583 - -2?
2585
In base 9, what is 8 + 37?
46
In base 6, what is 3400 - 0?
3400
In base 9, what is 0 - 11?
-11
In base 2, what is 10 + -11000110?
-11000100
In base 10, what is -5 - -41?
36
In base 10, what is 0 + -4038?
-4038
In base 7, what is -16 + -625?
-644
In base 7, what is 146 + -2?
144
In base 7, what is -1114 - 0?
-1114
In base 13, what is -1 - 23?
-24
In base 3, what is 1001 + -11?
220
In base 8, what is 21 + -5?
14
In base 13, what is -b0 - -8?
-a5
In base 5, what is -43 + -34?
-132
In base 4, what is -23 + -11232?
-11321
In base 9, what is -13 + 47?
34
In base 9, what is -55 - -5?
-50
In base 7, what is 11 - -136?
150
In base 15, what is 169e - -1?
16a0
In base 9, what is 2 - -54?
56
In base 7, what is -11 + -106?
-120
In base 15, what is 2 + 2e?
31
In base 15, what is -be4 - -5?
-bde
In base 10, what is 459 - 3?
456
In base 11, what is 5 + 4?
9
In base 2, what is -100001110100 + 1?
-100001110011
In base 2, what is 111001010101 - -10?
111001010111
In base 3, what is 1 - 1221101?
-1221100
In base 14, what is 6816 + 1?
6817
In base 7, what is -4034 - 2?
-4036
In base 4, what is -2020 + 220?
-1200
In base 13, what is -7 + 5?
-2
In base 7, what is -115 + -10?
-125
In base 5, what is 34012 + -11?
34001
In base 2, what is -10110010000010 - -11?
-10110001111111
In base 3, what is 12 - -11011?
11100
In base 16, what is 3c + 3?
3f
In base 9, what is -1837 + 3?
-1834
In base 10, what is 0 + -370?
-370
In base 13, what is -29 - -40?
14
In base 15, what is 412 + -5?
40c
In base 16, what is 199 + -19?
180
In base 6, what is -20 - 1302?
-1322
In base 4, what is -10 + -10013?
-10023
In base 13, what is c + a5?
b4
In base 11, what is -19 - -5?
-14
In base 10, what is 94 - 4?
90
In base 3, what is 222220 - -12?
1000002
In base 12, what is -2b + -35?
-64
In base 5, what is 33 + 103?
141
In base 16, what is 7 - -15be?
15c5
In base 11, what is -41610 - 4?
-41614
In base 10, what is -5 - -69?
64
In base 15, what is 197 - 0?
197
In base 3, what is 1 + 2210110?
2210111
In base 12, what is -2 - 103?
-105
In base 15, what is -b + -cb?
-d7
In base 16, what is 0 + 1be?
1be
In base 6, what is 31 - 3450?
-3415
In base 16, what is -18 - -5?
-13
In base 2, what is 100 + 11001100000?
11001100100
In base 12, what is 368 - 10?
358
In base 14, what is -16 + -9?
-21
In base 13, what is 4 + -1b2?
-1ab
In base 5, what is -1111 - -12?
-1044
In base 3, what is 20100201 + 12?
20100220
In base 5, what is -2 - 30?
-32
In base 7, what is 411 + -3?
405
In base 14, what is -8c + 2?
-8a
In base 6, what is 2 + -452?
-450
In base 15, what is 90 + -4?
8b
In base 13, what is -3a2 + -4?
-3a6
In base 15, what is 1 - -59?
5a
In base 14, what is 3 + d?
12
In base 9, what is 64 + -21?
43
In base 8, what is -2 - -4261?
4257
In base 10, what is 60 + 5?
65
In base 16, what is 2 + -a0a?
-a08
In base 16, what is -12c + 5?
-127
In base 2, what is 100110 + -11100?
1010
In base 3, what is -2 - -1210202?
1210200
In base 5, what is -10 + -31320?
-31330
In base 7, what is -62 - 4?
-66
In base 2, what is -11 - 1110?
-10001
In base 5, what is -13340 + -1?
-13341
In base 4, what is 33 + -100?
-1
In base 15, what is 89 - 4?
85
In base 14, what is -85 - 4?
-89
In base 14, what is -54 - -24?
-30
In base 11, what is 102 - -5?
107
In base 2, what is 11110101 + -1?
11110100
In base 16, what is a4 - -a?
ae
In base 10, what is 5 - 492?
-487
In base 10, what is 4 - -1288?
1292
In base 16, what is 6e - b?
63
In base 14, what is 2a - -2?
2c
In base 15, what is 9e + a?
a9
In base 4, what is -201 - 320?
-1121
In base 16, what is -107e - -2?
-107c
In base 7, what is 110 + 3?
113
In base 7, what is -5256 + -2?
-5261
In base 9, what is 3 + 7462?
7465
In base 6, what is -33 + 15?
-14
In base 10, what is 74 - -6?
80
In base 3, what is -2021 + 11?
-2010
In base 4, what is -11 + 202322?
202311
In base 10, what is -11 - -22?
11
In base 12, what is 5 - -85?
8a
In base 15, what is -1a - -9?
-11
In base 11, what is -173 + 0?
-173
In base 10, what is -994 + 3?
-991
In base 4, what is 110022 + -1?
110021
In base 7, what is -152 - 13?
-165
In base 14, what is -2ab - 2?
-2ad
In base 6, what is -4455 + -2?
-4501
In base 9, what is -7 + -43?
-51
In base 6, what is -23 + -14?
-41
In base 9, what is 3314 - -5?
3320
In base 16, what is 1 + 7fe?
7ff
In base 13, what is -14 + -98?
-ac
In base 7, what is 2 + 5336?
5341
In base 6, what is 5 + 555?
1004
In base 14, what is 48 + 9?
53
In base 5, what is 3 - 10004?
-10001
In base 4, what is 10001 + 0?
10001
In base 13, what is 2 + 5a1?
5a3
In base 6, what is -1105 - -5?
-1100
In base 8, what is -2 + -75?
-77
In base 14, what is 2 - 94?
-92
In base 2, what is 0 - 1001100?
-1001100
In base 11, what is 173a7 + -1?
173a6
In base 3, what is 10001 - -110002?
120010
In base 14, what is -1 + -80?
-81
In base 3, what is 12 + 121?
210
In base 9, what is 18 - 5?
13
In base 10, what is 2 + -112?
-110
In base 11, what is 3 - -651?
654
In base 8, what is 504 + -132?
352
In base 10, what is -33 + 10?
-23
In base 14, what is 49 - -59?
a4
In base 3, what is -11 + -1221?
-2002
In base 6, what is -2 - -10305?
10303
In base 15, what is 666 - 0?
666
In base 13, what is -3 + -2a45?
-2a48
In base 15, what is -3c - -7?
-35
In base 3, what is 1102010 + -12?
1101221
In base 11, what is -4 + -98?
-a1
In base 8, what is 4 + 2642?
2646
In base 2, what is 10011 + 101011?
111110
In base 5, what is -12 - -333?
321
In base 8, what is 3 - 2040?
-2035
In base 4, what is 1200 + -1?
1133
In base 10, what is 689 - 2?
687
In base 8, what is -5 + 141?
134
In base 9, what is -4 + -27?
-32
In base 14, what is 2 + 147?
149
In base 8, what is -3 + -501?
-504
In base 14, what is 1ad - -2?
1b1
In base 9, what is -2 - -17?
15
In base 8, what is -2 + -23?
-25
In base 12, what is -1245 - 2?
-1247
In base 3, what is -1022 - 12?
-1111
In base 13, what is 41 + 0?
41
In base 15, what is 288 - 0?
288
In base 8, what is -2 - 374?
-376
In base 12, what is b48 - -4?
b50
In base 8, what is -1 + 145?
144
In base 4, what is -20223 + -2?
-20231
In base 7, what is 105 + -31?
44
In base 16, what is 3 - -c0?
c3
In base 6, what is 20 - -20504?
20524
In base 8, what is -35 - 11?
-46
In base 13, what is 28 - -1?
29
In base 10, what is -7660 + 3?
-7657
In base 15, what is -2b + -c?
-38
In base 9, what is -30 - 6?
-36
In base 9, what is -2 + -216?
-218
In base 10, what is 15 - -73?
88
In base 13, what is -2 + -515?
-517
In base 15, what is 5 + 6?
b
In base 16, what is 44d - -2?
44f
In base 10, what is -6 - 136?
-142
In base 3, what is 101200 + 212?
102112
In base 8, what is 166 + 26?
214
In base 10, what is -56 - -4?
-52
In base 4, what is -202122 - 0?
-202122
In base 2, what is 101 - -111100001010?
111100001111
In base 2, what is -110010001110 + -101?
-110010010011
In base 15, what is 0 - 356?
-356
In base 15, what is -1e3 + 3?
-1e0
In base 5, what is 113 - -13?
131
In base 16, what is 61 - 29?
38
In base 9, what is 2683 + -5?
2677
In base 2, what is 111 - -111100010?
111101001
In base 11, what is 17048 - 0?
17048
In base 13, what is 6 + -ac9?
-ac3
In base 6, what is 1 + -13542?
-13541
In base 3, what is 110121000 + 11?
110121011
In base 14, what is 56 - -24c?
2a4
In base 9, what is 266 + -4?
262
In base 14, what is -8 + 16a?
162
In base 12, what is 6 + -15?
-b
In base 3, what is 101 - -102?
210
In base 16, what is 0 - -e?
e
In base 16, what is 6b - 2?
69
In base 3, what is 10202 - -1201?
12110
In base 15, what is 3 - -51?
54
In base 15, what is 4 + 1a6?
1aa
In base 10, what is -89 + 238?
149
In base 3, what is 1022 + 12?
1111
In base 2, what is 1001001010 + 101?
1001001111
In base 8, what is -2 + 3?
1
In base 14, what is 4 - -189?
18d
In base 7, what is 4 + -160?
-153
In base 8, what is 13373 - -1?
13374
In base 11, what is -24 + 7?
-18
In base 5, what is 1 + -20?
-14
In base 8, what is -52 + 15?
-35
In base 7, what is -5 + -150?
-155
In base 15, what is -1be - 8?
-1c7
In base 12, what is -5 + -